{"id":381,"date":"2026-03-08T13:07:23","date_gmt":"2026-03-08T13:07:23","guid":{"rendered":"https:\/\/phukiendientu.io.vn\/?post_type=product&#038;p=381"},"modified":"2026-03-17T09:41:59","modified_gmt":"2026-03-17T09:41:59","slug":"chuot-dareu-khong-day-em911t-rgb-trang","status":"publish","type":"product","link":"https:\/\/phukiendientu.io.vn\/?product=chuot-dareu-khong-day-em911t-rgb-trang","title":{"rendered":"chu\u1ed9t gaming Dareu EM911T tr\u1eafng Wired2-4GBT"},"content":{"rendered":"<h2><strong>\u0110\u00e1nh gi\u00e1 chi ti\u1ebft chu\u1ed9t gaming Dareu EM911T tr\u1eafng Wired2-4GBT<\/strong><\/h2>\n<p data-start=\"554\" data-end=\"787\"><strong data-start=\"554\" data-end=\"589\">Chu\u1ed9t gaming Dareu EM911T tr\u1eafng<\/strong> l\u00e0 s\u1ea3n ph\u1ea9m n\u1ed5i b\u1eadt v\u1edbi thi\u1ebft k\u1ebf hi\u1ec7n \u0111\u1ea1i, g\u1ecdn nh\u1eb9 c\u00f9ng kh\u1ea3 n\u0103ng k\u1ebft n\u1ed1i \u0111a d\u1ea1ng. \u0110\u00e2y l\u00e0 l\u1ef1a ch\u1ecdn l\u00fd t\u01b0\u1edfng cho c\u1ea3 game th\u1ee7 l\u1eabn ng\u01b0\u1eddi d\u00f9ng v\u0103n ph\u00f2ng nh\u1edd s\u1ef1 c\u00e2n b\u1eb1ng gi\u1eefa hi\u1ec7u n\u0103ng v\u00e0 t\u00ednh ti\u1ec7n d\u1ee5ng.<\/p>\n<p><img decoding=\"async\" src=\"https:\/\/cdn.hstatic.net\/files\/200000722513\/file\/chuot-dareu-khong-day-em911t-rgb-trang-6_grande.jpg\" \/><\/p>\n<h2><strong>K\u1ebft n\u1ed1i \u0111a d\u1ea1ng ti\u1ec7n l\u1ee3i<\/strong><\/h2>\n<p><strong data-start=\"829\" data-end=\"864\">Chu\u1ed9t gaming Dareu EM911T tr\u1eafng<\/strong> s\u1edf h\u1eefu ki\u1ec3u d\u00e1ng nh\u1ecf g\u1ecdn v\u1edbi tr\u1ecdng l\u01b0\u1ee3ng ch\u1ec9 kho\u1ea3ng 72g, gi\u00fap ng\u01b0\u1eddi d\u00f9ng c\u1ea7m n\u1eafm tho\u1ea3i m\u00e1i trong th\u1eddi gian d\u00e0i. Thi\u1ebft k\u1ebf c\u00f4ng th\u00e1i h\u1ecdc (ergonomic) \u00f4m s\u00e1t tay ph\u1ea3i, k\u1ebft h\u1ee3p t\u00f4ng m\u00e0u tr\u1eafng tinh t\u1ebf v\u00e0 h\u1ec7 th\u1ed1ng LED 16.8 tri\u1ec7u m\u00e0u t\u1ea1o \u0111i\u1ec3m nh\u1ea5n n\u1ed5i b\u1eadt cho g\u00f3c m\u00e1y.<\/p>\n<h2><strong>C\u1ea3m bi\u1ebfn ch\u00ednh x\u00e1c v\u01b0\u1ee3t tr\u1ed9i<\/strong><\/h2>\n<p data-start=\"1175\" data-end=\"1286\">M\u1ed9t trong nh\u1eefng \u0111i\u1ec3m m\u1ea1nh c\u1ee7a <strong data-start=\"1205\" data-end=\"1240\">chu\u1ed9t gaming Dareu EM911T tr\u1eafng<\/strong> l\u00e0 h\u1ed7 tr\u1ee3 <strong data-start=\"1251\" data-end=\"1285\">3 ch\u1ebf \u0111\u1ed9 k\u1ebft n\u1ed1i (triple-mode)<\/strong>:<\/p>\n<ul data-start=\"1288\" data-end=\"1344\">\n<li data-section-id=\"w4fic5\" data-start=\"1288\" data-end=\"1310\">\n<p data-start=\"1290\" data-end=\"1310\">K\u1ebft n\u1ed1i c\u00f3 d\u00e2y USB<\/p>\n<\/li>\n<li data-section-id=\"17zr08l\" data-start=\"1311\" data-end=\"1330\">\n<p data-start=\"1313\" data-end=\"1330\">Wireless 2.4GHz<\/p>\n<\/li>\n<li data-section-id=\"9220u6\" data-start=\"1331\" data-end=\"1344\">\n<p data-start=\"1333\" data-end=\"1344\">Bluetooth<\/p>\n<\/li>\n<\/ul>\n<p data-start=\"1346\" data-end=\"1538\">Nh\u1edd \u0111\u00f3, b\u1ea1n c\u00f3 th\u1ec3 d\u1ec5 d\u00e0ng s\u1eed d\u1ee5ng v\u1edbi PC, laptop, smartphone ho\u1eb7c tablet. T\u1ea7n s\u1ed1 ph\u1ea3n h\u1ed3i l\u00ean \u0111\u1ebfn <strong data-start=\"1445\" data-end=\"1455\">1000Hz<\/strong> (wired\/2.4G) v\u00e0 <strong data-start=\"1472\" data-end=\"1481\">125Hz<\/strong> (Bluetooth) \u0111\u1ea3m b\u1ea3o tr\u1ea3i nghi\u1ec7m m\u01b0\u1ee3t m\u00e0, kh\u00f4ng gi\u1eadt lag.<\/p>\n<p><img decoding=\"async\" src=\"https:\/\/cdn.hstatic.net\/files\/200000722513\/file\/chuot-dareu-khong-day-em911t-rgb-trang-7_grande.jpg\" \/><\/p>\n<h2><strong>N\u00fat b\u1ea5m b\u1ec1n b\u1ec9 \u00eam \u00e1i<\/strong><\/h2>\n<p data-start=\"1633\" data-end=\"1858\"><strong data-start=\"1633\" data-end=\"1668\">Chu\u1ed9t gaming Dareu EM911T tr\u1eafng<\/strong> \u0111\u01b0\u1ee3c trang b\u1ecb c\u1ea3m bi\u1ebfn quang h\u1ecdc PAW3104 v\u1edbi DPI t\u1ed1i \u0111a 1600 v\u00e0 gia t\u1ed1c 15G. \u0110i\u1ec1u n\u00e0y gi\u00fap chu\u1ed9t theo d\u00f5i chuy\u1ec3n \u0111\u1ed9ng ch\u00ednh x\u00e1c, ph\u00f9 h\u1ee3p cho c\u1ea3 ch\u01a1i game l\u1eabn c\u00f4ng vi\u1ec7c c\u1ea7n \u0111\u1ed9 ch\u00ednh x\u00e1c cao.<\/p>\n<p data-start=\"1860\" data-end=\"1953\">Ngo\u00e0i ra, ph\u1ea7n m\u1ec1m Dareu h\u1ed7 tr\u1ee3 t\u00f9y ch\u1ec9nh DPI v\u00e0 macro, gi\u00fap c\u00e1 nh\u00e2n h\u00f3a tr\u1ea3i nghi\u1ec7m s\u1eed d\u1ee5ng.<\/p>\n<p>S\u1ea3n ph\u1ea9m t\u01b0\u01a1ng th\u00edch t\u1ed1t v\u1edbi nhi\u1ec1u h\u1ec7 \u0111i\u1ec1u h\u00e0nh nh\u01b0 Windows, macOS v\u00e0 c\u00e1c thi\u1ebft b\u1ecb di \u0111\u1ed9ng, gi\u00fap b\u1ea1n linh ho\u1ea1t trong m\u1ecdi t\u00ecnh hu\u1ed1ng s\u1eed d\u1ee5ng.<\/p>\n<h2 data-section-id=\"2kicrt\" data-start=\"2450\" data-end=\"2473\">\ud83d\udccd Th\u00f4ng tin li\u00ean h\u1ec7<\/h2>\n<ul data-start=\"2475\" data-end=\"2624\">\n<li data-section-id=\"16p1xpp\" data-start=\"2475\" data-end=\"2530\">\n<p data-start=\"2477\" data-end=\"2530\">\u0110\u1ecba ch\u1ec9: 128, \u0111\u01b0\u1eddng ph\u01b0\u1eddng Tr\u1ea5n Bi\u00ean, T\u1ec9nh \u0110\u1ed3ng Nai<\/p>\n<\/li>\n<li data-section-id=\"18syjv2\" data-start=\"2531\" data-end=\"2554\">\n<p data-start=\"2533\" data-end=\"2554\"><span dir=\"auto\" style=\"vertical-align: inherit;\">\u0110\u01b0\u1eddng d\u00e2y n\u00f3ng: 0123456789<\/span><\/p>\n<\/li>\n<\/ul>\n<p data-path-to-node=\"18,2,0\"><b data-path-to-node=\"18,2,0\" data-index-in-node=\"0\">Website\/Fanpage:<\/b> <a href=\"https:\/\/phukiendientu.io.v\">https:\/\/phukiendientu.io.v<\/a><\/p>\n<p data-path-to-node=\"19\"><b data-path-to-node=\"19\" data-index-in-node=\"0\">HPT Digital \u2013 C\u00f4ng ngh\u1ec7 trong t\u1ea7m tay, tin c\u1eady trong t\u1eebng b\u01b0\u1edbc!<\/b><\/p>\n<p>&nbsp;<\/p>\n","protected":false},"excerpt":{"rendered":"<table id=\"gvn-specs-container-table\">\n<tbody>\n<tr class=\"gvn-spec-row\">\n<th>K\u1ebft n\u1ed1i<\/th>\n<td>Kh\u00f4ng d\u00e2y 2.4Ghz<br \/>\nBluetooth<br \/>\nUSB-C to USB-A<\/td>\n<\/tr>\n<tr class=\"gvn-spec-row\">\n<th>\u0110\u00e8n LED<\/th>\n<td>RGB 16.8 tri\u1ec7u m\u00e0u<\/td>\n<\/tr>\n<\/tbody>\n<\/table>\n","protected":false},"featured_media":382,"comment_status":"open","ping_status":"closed","template":"","meta":[],"product_brand":[],"product_cat":[17],"product_tag":[],"class_list":{"0":"post-381","1":"product","2":"type-product","3":"status-publish","4":"has-post-thumbnail","6":"product_cat-chuot","8":"first","9":"instock","10":"sale","11":"shipping-taxable","12":"purchasable","13":"product-type-simple"},"yoast_head":"<!-- This site is optimized with the Yoast SEO plugin v27.1.1 - https:\/\/yoast.com\/product\/yoast-seo-wordpress\/ -->\n<title>chu\u1ed9t gaming Dareu EM911T tr\u1eafng Wired2-4GBT - HPT Digital<\/title>\n<meta name=\"description\" content=\"Chu\u1ed9t gaming Dareu EM911T tr\u1eafng h\u1ed7 tr\u1ee3 3 ch\u1ebf \u0111\u1ed9 k\u1ebft n\u1ed1i, c\u1ea3m bi\u1ebfn ch\u00ednh x\u00e1c, thi\u1ebft k\u1ebf nh\u1eb9 72g, ph\u00f9 h\u1ee3p gaming v\u00e0 l\u00e0m vi\u1ec7c. Gi\u00e1 t\u1ed1t t\u1ea1i HPT Digital.\" \/>\n<meta name=\"robots\" content=\"index, follow, max-snippet:-1, max-image-preview:large, max-video-preview:-1\" \/>\n<link rel=\"canonical\" href=\"https:\/\/phukiendientu.io.vn\/?product=chuot-dareu-khong-day-em911t-rgb-trang\" \/>\n<meta property=\"og:locale\" content=\"en_US\" \/>\n<meta property=\"og:type\" content=\"article\" \/>\n<meta property=\"og:title\" content=\"chu\u1ed9t gaming Dareu EM911T tr\u1eafng Wired2-4GBT - HPT Digital\" \/>\n<meta property=\"og:description\" content=\"Chu\u1ed9t gaming Dareu EM911T tr\u1eafng h\u1ed7 tr\u1ee3 3 ch\u1ebf \u0111\u1ed9 k\u1ebft n\u1ed1i, c\u1ea3m bi\u1ebfn ch\u00ednh x\u00e1c, thi\u1ebft k\u1ebf nh\u1eb9 72g, ph\u00f9 h\u1ee3p gaming v\u00e0 l\u00e0m vi\u1ec7c. Gi\u00e1 t\u1ed1t t\u1ea1i HPT Digital.\" \/>\n<meta property=\"og:url\" content=\"https:\/\/phukiendientu.io.vn\/?product=chuot-dareu-khong-day-em911t-rgb-trang\" \/>\n<meta property=\"og:site_name\" content=\"HPT Digital\" \/>\n<meta property=\"article:publisher\" content=\"https:\/\/www.facebook.com\/share\/1CQxxcLJwi\/\" \/>\n<meta property=\"article:modified_time\" content=\"2026-03-17T09:41:59+00:00\" \/>\n<meta property=\"og:image\" content=\"https:\/\/phukiendientu.io.vn\/wp-content\/uploads\/2026\/03\/chuot-dareu-khong-day-em911t-rgb-trang-1_4d9617bd9a5e424ea82124d3fe40f72c_master.jpg\" \/>\n\t<meta property=\"og:image:width\" content=\"900\" \/>\n\t<meta property=\"og:image:height\" content=\"900\" \/>\n\t<meta property=\"og:image:type\" content=\"image\/jpeg\" \/>\n<meta name=\"twitter:card\" content=\"summary_large_image\" \/>\n<meta name=\"twitter:label1\" content=\"Est. reading time\" \/>\n\t<meta name=\"twitter:data1\" content=\"3 minutes\" \/>\n<script type=\"application\/ld+json\" class=\"yoast-schema-graph\">{\"@context\":\"https:\/\/schema.org\",\"@graph\":[{\"@type\":\"WebPage\",\"@id\":\"https:\/\/phukiendientu.io.vn\/?product=chuot-dareu-khong-day-em911t-rgb-trang\",\"url\":\"https:\/\/phukiendientu.io.vn\/?product=chuot-dareu-khong-day-em911t-rgb-trang\",\"name\":\"chu\u1ed9t gaming Dareu EM911T tr\u1eafng Wired2-4GBT - HPT Digital\",\"isPartOf\":{\"@id\":\"https:\/\/phukiendientu.io.vn\/#website\"},\"primaryImageOfPage\":{\"@id\":\"https:\/\/phukiendientu.io.vn\/?product=chuot-dareu-khong-day-em911t-rgb-trang#primaryimage\"},\"image\":{\"@id\":\"https:\/\/phukiendientu.io.vn\/?product=chuot-dareu-khong-day-em911t-rgb-trang#primaryimage\"},\"thumbnailUrl\":\"https:\/\/phukiendientu.io.vn\/wp-content\/uploads\/2026\/03\/chuot-dareu-khong-day-em911t-rgb-trang-1_4d9617bd9a5e424ea82124d3fe40f72c_master.jpg\",\"datePublished\":\"2026-03-08T13:07:23+00:00\",\"dateModified\":\"2026-03-17T09:41:59+00:00\",\"description\":\"Chu\u1ed9t gaming Dareu EM911T tr\u1eafng h\u1ed7 tr\u1ee3 3 ch\u1ebf \u0111\u1ed9 k\u1ebft n\u1ed1i, c\u1ea3m bi\u1ebfn ch\u00ednh x\u00e1c, thi\u1ebft k\u1ebf nh\u1eb9 72g, ph\u00f9 h\u1ee3p gaming v\u00e0 l\u00e0m vi\u1ec7c. Gi\u00e1 t\u1ed1t t\u1ea1i HPT Digital.\",\"breadcrumb\":{\"@id\":\"https:\/\/phukiendientu.io.vn\/?product=chuot-dareu-khong-day-em911t-rgb-trang#breadcrumb\"},\"inLanguage\":\"en-US\",\"potentialAction\":[{\"@type\":\"ReadAction\",\"target\":[\"https:\/\/phukiendientu.io.vn\/?product=chuot-dareu-khong-day-em911t-rgb-trang\"]}]},{\"@type\":\"ImageObject\",\"inLanguage\":\"en-US\",\"@id\":\"https:\/\/phukiendientu.io.vn\/?product=chuot-dareu-khong-day-em911t-rgb-trang#primaryimage\",\"url\":\"https:\/\/phukiendientu.io.vn\/wp-content\/uploads\/2026\/03\/chuot-dareu-khong-day-em911t-rgb-trang-1_4d9617bd9a5e424ea82124d3fe40f72c_master.jpg\",\"contentUrl\":\"https:\/\/phukiendientu.io.vn\/wp-content\/uploads\/2026\/03\/chuot-dareu-khong-day-em911t-rgb-trang-1_4d9617bd9a5e424ea82124d3fe40f72c_master.jpg\",\"width\":900,\"height\":900},{\"@type\":\"BreadcrumbList\",\"@id\":\"https:\/\/phukiendientu.io.vn\/?product=chuot-dareu-khong-day-em911t-rgb-trang#breadcrumb\",\"itemListElement\":[{\"@type\":\"ListItem\",\"position\":1,\"name\":\"Trang ch\u1ee7\",\"item\":\"https:\/\/phukiendientu.io.vn\/\"},{\"@type\":\"ListItem\",\"position\":2,\"name\":\"C\u1eeda h\u00e0ng\",\"item\":\"https:\/\/phukiendientu.io.vn\/?page_id=8\"},{\"@type\":\"ListItem\",\"position\":3,\"name\":\"chu\u1ed9t gaming Dareu EM911T tr\u1eafng Wired2-4GBT\"}]},{\"@type\":\"WebSite\",\"@id\":\"https:\/\/phukiendientu.io.vn\/#website\",\"url\":\"https:\/\/phukiendientu.io.vn\/\",\"name\":\"HPT Digital\",\"description\":\"\",\"publisher\":{\"@id\":\"https:\/\/phukiendientu.io.vn\/#organization\"},\"potentialAction\":[{\"@type\":\"SearchAction\",\"target\":{\"@type\":\"EntryPoint\",\"urlTemplate\":\"https:\/\/phukiendientu.io.vn\/?s={search_term_string}\"},\"query-input\":{\"@type\":\"PropertyValueSpecification\",\"valueRequired\":true,\"valueName\":\"search_term_string\"}}],\"inLanguage\":\"en-US\"},{\"@type\":\"Organization\",\"@id\":\"https:\/\/phukiendientu.io.vn\/#organization\",\"name\":\"HPT Digital\",\"url\":\"https:\/\/phukiendientu.io.vn\/\",\"logo\":{\"@type\":\"ImageObject\",\"inLanguage\":\"en-US\",\"@id\":\"https:\/\/phukiendientu.io.vn\/#\/schema\/logo\/image\/\",\"url\":\"https:\/\/phukiendientu.io.vn\/wp-content\/uploads\/2026\/03\/z7636827546892_8d77922151619cf04e5ef1b112dee322.jpg\",\"contentUrl\":\"https:\/\/phukiendientu.io.vn\/wp-content\/uploads\/2026\/03\/z7636827546892_8d77922151619cf04e5ef1b112dee322.jpg\",\"width\":1024,\"height\":1024,\"caption\":\"HPT Digital\"},\"image\":{\"@id\":\"https:\/\/phukiendientu.io.vn\/#\/schema\/logo\/image\/\"},\"sameAs\":[\"https:\/\/www.facebook.com\/share\/1CQxxcLJwi\/\"]}]}<\/script>\n<!-- \/ Yoast SEO plugin. -->","yoast_head_json":{"title":"chu\u1ed9t gaming Dareu EM911T tr\u1eafng Wired2-4GBT - HPT Digital","description":"Chu\u1ed9t gaming Dareu EM911T tr\u1eafng h\u1ed7 tr\u1ee3 3 ch\u1ebf \u0111\u1ed9 k\u1ebft n\u1ed1i, c\u1ea3m bi\u1ebfn ch\u00ednh x\u00e1c, thi\u1ebft k\u1ebf nh\u1eb9 72g, ph\u00f9 h\u1ee3p gaming v\u00e0 l\u00e0m vi\u1ec7c. Gi\u00e1 t\u1ed1t t\u1ea1i HPT Digital.","robots":{"index":"index","follow":"follow","max-snippet":"max-snippet:-1","max-image-preview":"max-image-preview:large","max-video-preview":"max-video-preview:-1"},"canonical":"https:\/\/phukiendientu.io.vn\/?product=chuot-dareu-khong-day-em911t-rgb-trang","og_locale":"en_US","og_type":"article","og_title":"chu\u1ed9t gaming Dareu EM911T tr\u1eafng Wired2-4GBT - HPT Digital","og_description":"Chu\u1ed9t gaming Dareu EM911T tr\u1eafng h\u1ed7 tr\u1ee3 3 ch\u1ebf \u0111\u1ed9 k\u1ebft n\u1ed1i, c\u1ea3m bi\u1ebfn ch\u00ednh x\u00e1c, thi\u1ebft k\u1ebf nh\u1eb9 72g, ph\u00f9 h\u1ee3p gaming v\u00e0 l\u00e0m vi\u1ec7c. Gi\u00e1 t\u1ed1t t\u1ea1i HPT Digital.","og_url":"https:\/\/phukiendientu.io.vn\/?product=chuot-dareu-khong-day-em911t-rgb-trang","og_site_name":"HPT Digital","article_publisher":"https:\/\/www.facebook.com\/share\/1CQxxcLJwi\/","article_modified_time":"2026-03-17T09:41:59+00:00","og_image":[{"width":900,"height":900,"url":"https:\/\/phukiendientu.io.vn\/wp-content\/uploads\/2026\/03\/chuot-dareu-khong-day-em911t-rgb-trang-1_4d9617bd9a5e424ea82124d3fe40f72c_master.jpg","type":"image\/jpeg"}],"twitter_card":"summary_large_image","twitter_misc":{"Est. reading time":"3 minutes"},"schema":{"@context":"https:\/\/schema.org","@graph":[{"@type":"WebPage","@id":"https:\/\/phukiendientu.io.vn\/?product=chuot-dareu-khong-day-em911t-rgb-trang","url":"https:\/\/phukiendientu.io.vn\/?product=chuot-dareu-khong-day-em911t-rgb-trang","name":"chu\u1ed9t gaming Dareu EM911T tr\u1eafng Wired2-4GBT - HPT Digital","isPartOf":{"@id":"https:\/\/phukiendientu.io.vn\/#website"},"primaryImageOfPage":{"@id":"https:\/\/phukiendientu.io.vn\/?product=chuot-dareu-khong-day-em911t-rgb-trang#primaryimage"},"image":{"@id":"https:\/\/phukiendientu.io.vn\/?product=chuot-dareu-khong-day-em911t-rgb-trang#primaryimage"},"thumbnailUrl":"https:\/\/phukiendientu.io.vn\/wp-content\/uploads\/2026\/03\/chuot-dareu-khong-day-em911t-rgb-trang-1_4d9617bd9a5e424ea82124d3fe40f72c_master.jpg","datePublished":"2026-03-08T13:07:23+00:00","dateModified":"2026-03-17T09:41:59+00:00","description":"Chu\u1ed9t gaming Dareu EM911T tr\u1eafng h\u1ed7 tr\u1ee3 3 ch\u1ebf \u0111\u1ed9 k\u1ebft n\u1ed1i, c\u1ea3m bi\u1ebfn ch\u00ednh x\u00e1c, thi\u1ebft k\u1ebf nh\u1eb9 72g, ph\u00f9 h\u1ee3p gaming v\u00e0 l\u00e0m vi\u1ec7c. Gi\u00e1 t\u1ed1t t\u1ea1i HPT Digital.","breadcrumb":{"@id":"https:\/\/phukiendientu.io.vn\/?product=chuot-dareu-khong-day-em911t-rgb-trang#breadcrumb"},"inLanguage":"en-US","potentialAction":[{"@type":"ReadAction","target":["https:\/\/phukiendientu.io.vn\/?product=chuot-dareu-khong-day-em911t-rgb-trang"]}]},{"@type":"ImageObject","inLanguage":"en-US","@id":"https:\/\/phukiendientu.io.vn\/?product=chuot-dareu-khong-day-em911t-rgb-trang#primaryimage","url":"https:\/\/phukiendientu.io.vn\/wp-content\/uploads\/2026\/03\/chuot-dareu-khong-day-em911t-rgb-trang-1_4d9617bd9a5e424ea82124d3fe40f72c_master.jpg","contentUrl":"https:\/\/phukiendientu.io.vn\/wp-content\/uploads\/2026\/03\/chuot-dareu-khong-day-em911t-rgb-trang-1_4d9617bd9a5e424ea82124d3fe40f72c_master.jpg","width":900,"height":900},{"@type":"BreadcrumbList","@id":"https:\/\/phukiendientu.io.vn\/?product=chuot-dareu-khong-day-em911t-rgb-trang#breadcrumb","itemListElement":[{"@type":"ListItem","position":1,"name":"Trang ch\u1ee7","item":"https:\/\/phukiendientu.io.vn\/"},{"@type":"ListItem","position":2,"name":"C\u1eeda h\u00e0ng","item":"https:\/\/phukiendientu.io.vn\/?page_id=8"},{"@type":"ListItem","position":3,"name":"chu\u1ed9t gaming Dareu EM911T tr\u1eafng Wired2-4GBT"}]},{"@type":"WebSite","@id":"https:\/\/phukiendientu.io.vn\/#website","url":"https:\/\/phukiendientu.io.vn\/","name":"HPT Digital","description":"","publisher":{"@id":"https:\/\/phukiendientu.io.vn\/#organization"},"potentialAction":[{"@type":"SearchAction","target":{"@type":"EntryPoint","urlTemplate":"https:\/\/phukiendientu.io.vn\/?s={search_term_string}"},"query-input":{"@type":"PropertyValueSpecification","valueRequired":true,"valueName":"search_term_string"}}],"inLanguage":"en-US"},{"@type":"Organization","@id":"https:\/\/phukiendientu.io.vn\/#organization","name":"HPT Digital","url":"https:\/\/phukiendientu.io.vn\/","logo":{"@type":"ImageObject","inLanguage":"en-US","@id":"https:\/\/phukiendientu.io.vn\/#\/schema\/logo\/image\/","url":"https:\/\/phukiendientu.io.vn\/wp-content\/uploads\/2026\/03\/z7636827546892_8d77922151619cf04e5ef1b112dee322.jpg","contentUrl":"https:\/\/phukiendientu.io.vn\/wp-content\/uploads\/2026\/03\/z7636827546892_8d77922151619cf04e5ef1b112dee322.jpg","width":1024,"height":1024,"caption":"HPT Digital"},"image":{"@id":"https:\/\/phukiendientu.io.vn\/#\/schema\/logo\/image\/"},"sameAs":["https:\/\/www.facebook.com\/share\/1CQxxcLJwi\/"]}]}},"jetpack_sharing_enabled":true,"_links":{"self":[{"href":"https:\/\/phukiendientu.io.vn\/index.php?rest_route=\/wp\/v2\/product\/381","targetHints":{"allow":["GET"]}}],"collection":[{"href":"https:\/\/phukiendientu.io.vn\/index.php?rest_route=\/wp\/v2\/product"}],"about":[{"href":"https:\/\/phukiendientu.io.vn\/index.php?rest_route=\/wp\/v2\/types\/product"}],"replies":[{"embeddable":true,"href":"https:\/\/phukiendientu.io.vn\/index.php?rest_route=%2Fwp%2Fv2%2Fcomments&post=381"}],"wp:featuredmedia":[{"embeddable":true,"href":"https:\/\/phukiendientu.io.vn\/index.php?rest_route=\/wp\/v2\/media\/382"}],"wp:attachment":[{"href":"https:\/\/phukiendientu.io.vn\/index.php?rest_route=%2Fwp%2Fv2%2Fmedia&parent=381"}],"wp:term":[{"taxonomy":"product_brand","embeddable":true,"href":"https:\/\/phukiendientu.io.vn\/index.php?rest_route=%2Fwp%2Fv2%2Fproduct_brand&post=381"},{"taxonomy":"product_cat","embeddable":true,"href":"https:\/\/phukiendientu.io.vn\/index.php?rest_route=%2Fwp%2Fv2%2Fproduct_cat&post=381"},{"taxonomy":"product_tag","embeddable":true,"href":"https:\/\/phukiendientu.io.vn\/index.php?rest_route=%2Fwp%2Fv2%2Fproduct_tag&post=381"}],"curies":[{"name":"wp","href":"https:\/\/api.w.org\/{rel}","templated":true}]}}